2*h - 4. Let c(m) be the first derivative of t(m). Give c(7).
-7
Let p(h) be the first derivative of 6*h - 10 - h**2 - 15*h + 21 + 4*h. Let m be (-10)/(-1)*(-2)/5. Determine p(m).
3
Suppose 4*x - 23 = -7. Let f(l) = l**2 + 2*l**2 - 2*l - x*l**2 - 6. Let z be (-1)/(((-25)/(-20))/5). Determine f(z).
-14
Let n(l) = -92*l**3 + 40*l - 1 - 1 + 94*l**3 - 41*l. Give n(-2).
-16
Suppose -6 = -2*g, -3*y + g = -2*g - 57. Let z be (-35)/11 + 4/y. Let f(v) = -v**3 - 5*v**2 + 1. Give f(z).
-17
Let s(h) = 5*h**3 + h**2. Let p = -1151 - -1150. What is s(p)?
-4
Suppose 30 - 60 = -10*t. Suppose 3*j - 3*b = 30, 7*b + 46 = 5*j + t*b. Let v(k) = k**2 - 5*k - 4. Give v(j).
2
Let k(w) be the third derivative of -w**5/60 - 7*w**4/24 - w**3/6 + w**2 + 112. Let b be (-8)/6*(-9)/(-2). Give k(b).
5
Let y(o) = 5*o - 2. Let f(x) = -7*x + 5. Let g(s) = 15*s - 11. Let r = 9 + -15. Let a(d) = r*g(d) - 13*f(d). Let q(t) = -3*a(t) - y(t). Give q(-1).
7
Let o(w) = -59 + 3*w**2 + 70 + 12*w - 2*w**2. What is o(-11)?
0
Let t(m) be the first derivative of m**4/4 + 8*m**3/3 + 11*m**2/2 + 2*m + 439. Determine t(-2).
4
Let w(q) = -3*q**3 - 3*q**2 + 2*q - 2. Let s be w(-3). Let h(v) = 30 + v - s + 34. Give h(-10).
8
Let p be (0 + 1)/((-2)/4). Let a(l) be the second derivative of -l**3/2 - l**2/2 + 2*l + 99. Determine a(p).
5
Let u(k) be the third derivative of -7*k**6/120 - k**5/30 + k**4/24 + 45*k**2. Calculate u(1).
-8
Let v(q) be the second derivative of -2*q**3/3 - 3*q**2/2 - 13*q. Let o = 3 + -9. Let t(d) = 2*d + 2. Let i(a) = o*v(a) - 11*t(a). What is i(4)?
4
Let y = -3 - -6. Let f(o) = -4*o**2 - 5*o - 9. Let c(q) = -q**2 - 1. Let l(a) = y*c(a) - f(a). Suppose 8*z = -25 - 15. Give l(z).
6
Let h(b) = -488 + 248 + b - 3*b**2 + 244 + b**3. Let u(d) = -d**3 - 4*d**2 - 4*d. Suppose 6 = 2*w - 4*w. Let p be u(w). Calculate h(p).
7
Let t(u) = u**3 + 2*u**2 - 5*u - 4. Let h(q) = -4*q - 14. Let v be h(-11). Let z be (-54)/24 + 2 - v/8. What is t(z)?
-16
Let k(h) be the first derivative of 5/3*h**3 + 10 + 6*h + 3/2*h**2 + 1/4*h**4. Give k(-5).
-9
Let r(n) = 115 - 42 + 6*n - 47 - 43. Calculate r(7).
25
Let v(g) = 1 - 13 + 3 + g**2 + 5 + 7*g. Let t(a) = -2*a. Let k be t(2). Let h = k + -3. Give v(h).
-4
Let t(f) = -4*f - 7. Let r = -12 - -7. What is t(r)?
13
Let b(d) = 2*d - 4. Suppose -5*i - 5*t = -5, -5*i - 14 + 49 = -5*t. Calculate b(i).
4
Let c(g) = 11*g - 1. Let k(q) = -2*q + 1. Let u(t) = -c(t) - 5*k(t). Give u(-3).
-1
Let g(l) = -5*l + 8. Let t be g(0). Suppose t*r - r = 35. Let k(n) = -n**2 + 3*n + 4. Calculate k(r).
-6
Suppose -11*c - 24 = 20. Let u(h) = -2*h + 1. Determine u(c).
9
Let n(j) = j - 12*j**2 + 975 + 978 - 1954. Give n(1).
-12
Let i(g) = -g**3 + 4*g**2 - 3*g + 6. Suppose 23*n - 24*n = -5*w + 6, 4*n + 2*w = 20. What is i(n)?
-6
Suppose 4*n + 0*n = 3*m - 42, -2*n = 4*m - 34. Let f = m - 7. Let v(s) be the second derivative of s**4/4 - s**3/2 - 3*s**2/2 + 16*s. What is v(f)?
15
Let z(f) be the first derivative of f**3/3 + 5*f**2/2 + f - 32. Let m be z(-1). Let l(x) = 3*x + 4. What is l(m)?
-5
Suppose 4*s + 16 = -0*s. Let u(b) be the third derivative of b**4/24 + b**3 + 5*b**2 - 39*b - 4. What is u(s)?
2
Let k(i) = -4*i - 65. Let c(g) = g**3 + 23*g**2 - 19*g - 454. Let d be c(-23). Give k(d).
3
Let s(j) = j**3 + 5*j**2 + 6*j + 1. Suppose 0 = d + 2*q - 4*q + 6, -3*d - 4 = q. Let g(v) = v - 2. Let z be g(d). Give s(z).
-7
Let r(v) = 3*v**2 + 2*v - 2 + 5 + v**2 - 3*v**2. Give r(-3).
6
Let d(n) = n**2 + 9*n + 20. Let c be d(-6). Let w(u) = 0*u**c + 4*u**3 + 0*u**2 - 5*u**3 + 4 + 3*u**2. Calculate w(3).
4
Let i = 10 + -7. Let x(w) be the second derivative of -5*w**4/12 - w**3/3 + w**2/2 + 2*w. Let p(r) = 6*r**2 + 3*r - 1. Let j(s) = 4*p(s) + 5*x(s). What is j(i)?
-2
Let t(j) = 7*j**3 + j**2 - j + 13. Let i(z) = -3*z**3 + z - 6. Let c(h) = -5*i(h) - 2*t(h). Suppose -4*q - 3*g = -7*g, 0 = 2*g - 6. What is c(q)?
4
Suppose 0 = -17*s + 22*s + 23*s. Let o(d) = -d**3 - d**2 - 5. Determine o(s).
-5
Let g(a) = -a**2 + 7*a - 5. Suppose m + 1 = 0, 4*k - 2*m = 9*k - 28. Determine g(k).
1
Let s(c) be the third derivative of c**5/60 - c**4/6 + c**3/2 + 9*c**2 - 10*c. What is s(6)?
15
Let x(z) = 17 + 8*z + 6*z - 3003*z**2 + 3004*z**2. Give x(-13).
4
Let o(j) be the third derivative of -j**6/120 + j**5/10 - j**4/4 + j**3/6 + 61*j**2. Let d = -7 + 12. Calculate o(d).
-4
Let m(w) = 2*w. Let x be 24/16*(1 - -1). Suppose h + 6 = x*h. Determine m(h).
6
Let z = 1184 - 1185. Let l(d) = -4*d**2 + 3*d + 3. What is l(z)?
-4
Let u(t) = 172*t**2 - 3*t + 8. Let o(q) = 58*q**2 - q + 3. Let x(c) = -11*o(c) + 4*u(c). Calculate x(-1).
50
Let v = -1 - -18. Let g = 20 - v. Let u(k) be the first derivative of -k**2 - 3*k + 14. Give u(g).
-9
Let t(l) = 4*l - 33 - 29 + 59 - 3*l. Give t(8).
5
Suppose 8*n + 8 = -8. Let t(x) = -4*x**2 - 3*x + 4. Calculate t(n).
-6
Let t = -482 + 486. Let w(s) be the third derivative of 0*s + 0 - 9*s**2 + 1/24*s**t + 0*s**3 - 1/60*s**5. Determine w(0).
0
Let i(w) = -w + 3. Let n = 21 + -22. Let h be (1 + n*2)/(29/(-203)). Determine i(h).
-4
Let n(f) = -8*f**2 - f. Let p(j) = -4*j + 19. Suppose -3*g - 2*w = -5, 3*g = -0*g - 4*w - 5. Let z be p(g). Determine n(z).
-7
Let s = -13 - -18. Suppose -2*b - s = 2*c - 3*c, -2*b - 10 = 0. Let x(q) = q + 4. Let d(t) = -8*t - 22. Let z(k) = d(k) + 7*x(k). Calculate z(c).
11
Let z(o) = -o**2 - 9*o - 4. Let l = 59 - 65. Determine z(l).
14
Let l = -1098 + 1092. Let i(m) be the second derivative of 0*m**3 + 0 - 1/2*m**4 - m - 3*m**2 - 1/20*m**5. Calculate i(l).
-6
Let o(x) = 10*x**2 - 2*x + 20. Let p(l) = -5*l**2 + l - 10. Let n(j) = -2*o(j) - 5*p(j). Let r(w) be the first derivative of n(w). Determine r(3).
29
Let h be (-4 - 0 - -3)/(-1). Let n(w) = 7*w**3 + 3*w**2 + 2*w + 2. Let s(j) = -7*j**3 - 4*j**2 - 2*j - 3. Let f(i) = -4*n(i) - 3*s(i). Calculate f(h).
-8
Suppose 5*h - 11 = 4, -2*o + 33 = -h. Let u = o - 12. Let l = u + -10. Let s(m) = 2*m + 5. Give s(l).
-3
Let i(x) = 13*x. Let l(w) = -20*w - 13. Let q(t) = 2*i(t) + l(t). What is q(6)?
23
Let g(j) = 10*j - 5. Let b be g(2). Let u = b - 18. Let s(a) = a**2 + 5*a + 1. Calculate s(u).
-5
Let z be 2/3 + 4/(-6). Let c(m) = -19*m**3 - 5*m**2 + 12. Let s(a) = 11*a**3 + 3*a**2 - 6. Let g(u) = -4*c(u) - 7*s(u). What is g(z)?
-6
Let k(n) = -2*n - n + 6*n - 3. Let d = 144 + -82. Suppose -5*r = d - 77. Give k(r).
6
Let q(w) be the first derivative of w**2/2 - 5*w + 1. Let o(c) = -c**2 - 6*c + 11. Suppose f = 2*s + 3, -f = f + 2*s + 24. Let i be o(f). Determine q(i).
-1
Let g(h) = 53*h + 27. Let l(c) = 20*c + 9. Let s(t) = -3*g(t) + 8*l(t). Let z(q) = q**3 - 8*q**2 + 8*q - 7. Let x be z(7). Give s(x).
-9
Let h(l) = -l**2 - 3*l - 3. Suppose 3*m + 282 = 267. Determine h(m).
-13
Let d(l) = -l**2 + 2*l + 5. Suppose 0 = 11*x - 170 - 237. Suppose n + 4*g = -7, -2*n - 3*n + 4*g + x = 0. Give d(n).
-10
Let u(m) = 6*m - 1723 + m**2 - 2*m**2 + 1717. Determine u(7).
-13
Let s(w) be the third derivative of -w**5/15 + w**3/6 + 10*w**2. Suppose -8 = -4*h + 8. Suppose p = -5 + h. Calculate s(p).
-3
Suppose 4 + 6 = -c + 3*d, -5*d + 20 = 0. Let t(s) = 4*s**2 - 20*s + 21. Let k(m) = m**2 + 0 - 5*m + 5 + 0*m**2. Let x(b) = c*t(b) - 9*k(b). Calculate x(3).
3
Let o(i) = -i + 3. Let z(l) = l - 9. Let t(x) = -11*o(x) - 4*z(x). Calculate t(-1).
-4
Let q be (18/12)/((-3)/(-1)). Let w(j) be the second derivative of 0 - 5*j + 1/2*j**3 + q*j**2. Calculate w(-1).
-2
Let t(n) = -8*n + 10. Suppose -8*f - 162 = -178. Calculate t(f).
-6
Let b(u) = -u - 18. Let k = -796 + 789. Calculate b(k).
-11
Let i(x) = -2*x - x + 1 + x. Suppose 15*j = 8*j + 14. Calculate i(j).
-3
Let j = 13 - 6. Let w(d) = -4*d - 3. Let u(z) = 2. Let f(n) = -9*n - 3. Let y(q) = -f(q) + 2*u(q). Let x(v) = j*w(v) + 3*y(v). Calculate x(-5).
5
Suppose -6 = -2*h + 5*o - 0*o, 4*o = -4*h + 40. Let r be 57/(-12) - (-6)/h. Let a(x) = -7 + 2 + 2*x**2 - 3*x**2 - 6*x. Give a(r).
3
Let c(b) = -9*b + 15. Let v(o) = -8*o + 15. Let k(h) = -4*c(h) + 5*v(h). Let p(j) = -6*j + 22. Let i(x) = 8*k(x) - 5*p(x). What is i(10)?
-10
Let q = 693 - 695. Let d(l) = -l**3 - l**2 + l - 3. What is d(q)?
-1
Let a(t) = -2*t**2 - 5*t + 1. Let p(l) = -l**2 - 1. Let z(v) = a(v) - p(v). Let k = 7071 + -7078. Calculate z(k).
-12
Let r(p) = 9*p**3 + 17*p**2 - 17*p - 4. Let q(l) = 5*l**3 + 9*l**2 - 9*l - 2. 